 What is the units digit of g(50)?
1
Let n be (-12)/324*105 - (-2)/(-18). Let x(j) = -8*j**3 - 2*j**2 - 4*j - 2. What is the units digit of x(n)?
4
Suppose 38027 + 22867 = 18*g. Let l = -2354 + g. What is the units digit of l?
9
Let g(j) = -j**3 + 4*j**2 - 8*j + 7. Let l be g(2). Let x be ((-9)/6)/(l/(32/(-6))). Let i(s) = -21*s - 6. What is the units digit of i(x)?
2
Let c(d) = -d + 12*d + 57*d**2 + 3*d - 29 - 20. What is the tens digit of c(3)?
0
Suppose -c = 2, -7*h + 3*h = c + 694. Let u = -34 - h. What is the units digit of u?
9
Let s(g) = 83*g + 7. Let a be s(2). Suppose a = -2*z + 183. Suppose -5*h + z*j + 49 = -56, j = -5*h + 87. What is the units digit of h?
8
Let g(s) = s**3 - 2*s**2 + s + 34. Suppose -4*l + 20 = -p, -28*p - 4*l + 20 = -30*p. What is the tens digit of g(p)?
3
Let b = 24 - 14. Let a be (-2)/8 - (-102)/24. Suppose a = -q + b. What is the units digit of q?
6
Let a(p) = -12*p**3 + 194*p**2 - 21*p + 64. What is the tens digit of a(12)?
1
Let p = -118 - -163. Suppose -p = -16*a + a. What is the tens digit of (11*-3)/(a/(-3))?
3
Suppose 33*d - 13 - 86 = 0. Suppose d*j - 7346 = -5*f, 5*f + j - 2526 = 4826. What is the thousands digit of f?
1
Let n be 1 + -1 + -3 - (-23 - 11). Let u = 45 + n. What is the units digit of u?
6
Let b = 381 - 378. What is the tens digit of ((-15)/12 - b/12)*-548?
2
Let h(p) = 61*p**3 + 3*p**2 - 6*p - 4. Let o be h(3). Let n = 3048 - o. What is the hundreds digit of n?
3
Let f(z) = 397*z**2 - z - 2. Let p = 67 + -68. What is the units digit of f(p)?
6
Let k(y) = 38*y + 26. Let u be k(16). Let z = 1037 - u. What is the hundreds digit of z?
4
Suppose 2*o = -5*f + 330979, -5*f + 223689 = -4*o - 107308. What is the ten thousands digit of f?
6
Suppose 8151 = -4*s + 4*p + 41799, 0 = 3*s + 2*p - 25236. What is the tens digit of s?
1
Let g = 719 + 131. Suppose -p + 335 = p + c, 5*p = -5*c + g. Let x = p + -91. What is the tens digit of x?
7
What is the hundreds digit of 7/6 - ((-16055344)/96)/17?
8
Let t be (-7176)/(-14) - (-57)/133. Suppose 5*g - 856 = 4*y, -3*g - 3*y = -6*y - t. What is the units digit of g?
2
Suppose -730*o + 729*o = -12. Suppose -2808 - 132 = -o*u. What is the tens digit of u?
4
Let i(t) = 235*t**2 - 17*t + 56. Let c be i(4). Suppose -m - 2*p - 134 + 1083 = 0, -4*p = -4*m + c. What is the units digit of m?
1
Suppose -5*p - 18*g + 13*g + 875 = 0, 2*p - 365 = -5*g. Let m = -50 + p. What is the units digit of m?
0
Suppose -2*x - 200 + 4988 = 3*g, x = 5*g + 2407. Suppose 0 = 6*v - 9*v + x. What is the units digit of v?
9
Let r(i) = i**3 - 25*i**2 - 31*i - 26. Let u be r(27). Suppose -14*m + u = -9*m. What is the tens digit of m?
1
Let m(h) = -10 - 6*h + 30 + 192*h**3 - 3*h - 190*h**3 - 7*h**2. What is the units digit of m(8)?
4
Suppose -53*w = -55*w - 2. What is the units digit of 7 - 0 - (-227 - w)?
3
Let d = -4 + -5. Let a = d - -18. Suppose 0 = 5*o - 239 + a. What is the units digit of o?
6
Let k be (-6)/(-8) + ((-1928)/(-32) - -9). Suppose 66*p - s + 4447 = k*p, -4*s + 4444 = 4*p. What is the units digit of p?
2
Let r = 9227 + 1779. What is the tens digit of r?
0
Let h = 4732 + -1613. What is the thousands digit of h?
3
Let m(d) = 2*d**2 - 7*d. Let i be m(4). Suppose 20 = -5*t - i*l + 47, 0 = t - l. Suppose 2*s + 300 = t*p - 0*p, 5*p - 500 = s. What is the units digit of p?
0
Let h(p) = -7082*p - 2509. What is the ten thousands digit of h(-3)?
1
Let w = -56033 + 106518. What is the thousands digit of w?
0
Suppose 56*b = 48*b + 38816. What is the units digit of b?
2
Let r(y) = 2*y**3 + 30*y**2 - 7*y + 4. Let a be r(-13). Let z = a - 443. What is the units digit of z?
8
What is the tens digit of (-7639088)/(-446) + -18 + -1?
0
Suppose -5*a - 11060 = -i, 6064 = 3*i - 9*a - 27086. What is the tens digit of i?
3
Let y(v) = 3 + 31*v - 6 - 1. What is the hundreds digit of y(19)?
5
Suppose 0 = -9*z - 2181 - 636. Let x = z + 1047. What is the tens digit of x?
3
Let a(n) = -n**2 + 9*n + 54. Let s be a(10). Suppose -l = t - s, 5*l - 122 - 77 = 2*t. What is the tens digit of l?
4
Let d(m) = -13*m**3 + 4*m**2 + 46*m + 294. What is the hundreds digit of d(-8)?
8
Suppose 0 = 3*d - 8*p + 4*p - 80, 5*p = -2*d + 38. What is the hundreds digit of (-2)/(-3)*54/d*192?
2
Suppose -2*b + 6566 = -t, 86*t - 91*t = 4*b - 13118. What is the hundreds digit of b?
2
Suppose -13 = 31*z + 18. Let v(p) = -369*p**3 + p**2 + 12*p + 11. What is the hundreds digit of v(z)?
3
Suppose 3*g - m = 30176, 0 = -127*g + 129*g + 4*m - 20080. What is the ten thousands digit of g?
1
Let l be (294/(-63))/(2/(-3)). Let t(p) = -p**3 + 5*p**2 + 24*p - 12. What is the units digit of t(l)?
8
What is the units digit of (4707/(-6)*72/(-162))/((-8)/(-156))?
9
Suppose 3*w = -15, 0*a + w = -3*a + 11764. What is the tens digit of a?
2
Let t = -108 - -107. What is the units digit of 9/3 + (65 - (t + -2))?
1
Let c = -4102 + 4780. What is the tens digit of c?
7
Let y = -82 - -170. Suppose -u + y = 63. What is the tens digit of u?
2
Suppose 5*a = -2*i - 0 + 25, 91 = 5*i + 3*a. Suppose -4*d + 7*l = 9*l - 3850, -4*l = i. What is the tens digit of d?
6
Suppose -84*x + 87964 = -305072. What is the hundreds digit of x?
6
What is the tens digit of 2*-10291*(27 - 232/8)?
6
Let g(u) = -3*u**3 - 82 + u**3 + 77 + u**2 - 2*u**2. What is the units digit of g(-5)?
0
Suppose -h - 4*h - 3*z + 9058 = 0, 0 = -2*h - 4*z + 3640. What is the thousands digit of h?
1
Let a(k) = 2*k**3 - 44*k**2 + 5*k + 3. Suppose -8*h + 176 = -0*h. What is the hundreds digit of a(h)?
1
Let h = 157409 - 104477. What is the ten thousands digit of h?
5
Suppose -13*x - 3857 = -q, -q - 3*x + 1 = -3776. What is the hundreds digit of q?
7
Let o = -2174 - -2832. What is the units digit of o?
8
Let x = -4381 + 7431. What is the thousands digit of x?
3
Let t = -58 - -102. Let f(a) = -t - 2*a - 2*a - 2*a + 14. What is the tens digit of f(-10)?
3
Let v = 9112 - -821. What is the units digit of v?
3
Suppose 0 = -3*s + 2*s - 49. Let y = s + 33. What is the units digit of y/12*318/(-4)?
6
Let x(t) = -t**3 - t**2 - 3*t + 54. Let p be x(0). Let k = 605 + p. What is the units digit of k?
9
Let z be (-10)/(-4) + (-19)/38 + 1. Suppose -4*c - 2*a - 306 = 0, z*c = -5*a - 263 + 37. Let w = 44 - c. What is the tens digit of w?
2
Let l = 421 + -419. Suppose -l*h - 1307 = -3*g + 3*h, 0 = 3*g + 4*h - 1298. What is the hundreds digit of g?
4
Suppose -u - i = -6*u + 31, -4*u - 4*i + 44 = 0. Suppose 3 = t - q + 2*q, -u = -2*t - 3*q. What is the hundreds digit of (18/(-27))/(t/(-555))?
1
Let r be (288/56)/(4/224). Let m = 523 - r. What is the tens digit of m?
3
Let n be 9 + (-3 - -6 - 2). Suppose -373 = -n*v - 93. What is the tens digit of (12/9)/(v/483)?
2
Let o be (18/21)/(6/168). Suppose -v = 4*f + 48, -4*v = 2*f - 3*v + o. Let t(n) = -5*n + 22. What is the tens digit of t(f)?
8
Suppose 0 = -93*u + 85*u - 8. Let m(q) = -790*q - 32. What is the hundreds digit of m(u)?
7
Suppose -7*w + 10*w = -4*d + 1801, -460 = -d - 4*w. Let z = d - -323. What is the hundreds digit of z?
7
Suppose -7*u + 2*u - 5*n - 40 = 0, -4*u - 44 = -2*n. Let x be 7 + u/(-15)*-3. What is the units digit of (-53)/((4 - x) + 0)?
3
Let w(b) = 2*b**2 + 18*b + 147. Let i be w(-15). Suppose -4*g + i = -3345. What is the units digit of g?
8
Let h = -311 - -313. Suppose h*v - 3175 = -3*v - 5*g, -v + 635 = -3*g. What is the units digit of v?
5
Let w(g) = 174*g**2 + 93*g + 364. What is the units digit of w(-4)?
6
Suppose -292*h - 14175 = -287*h. Let x = -2012 - h. Let p = x + -574. What is the hundreds digit of p?
2
Let z(i) be the second derivative of -i**5/20 - i**4/2 + 4*i**3 - 29*i**2/2 + 5*i. What is the tens digit of z(-11)?
1
Let t(w) be the first derivative of -9*w + 17/2*w**2 - 2 - 1/3*w**3. What is the tens digit of t(11)?
5
Let l = 24 + -15. Let n(u) = -15*u - 2. Let v(x) = 30*x + 5. Let p(k) = l*n(k) + 4*v(k). What is the tens digit of p(-11)?
6
Let k(f) = f**3 - 3*f**2 - 15*f + 5. Let m be k(6). Suppose 2*y + 10 = -3*t - m, 3*y + 47 = -5*t. Let n = 183 + y. What is the tens digit of n?
5
Suppose 0 = 5*z - 2*t - 205 + 25, -162 = -4*z - 2*t. Suppose 5*q - z = 4*q + d, -2*d + 84 = 2*q. Suppose -7*f - q + 754 = 0. What is the hundreds digit of f?
1
Let r(y) = 16*y**3 - 35*y**2 + 94*y + 180. What is the ten thousands digit of r(14)?
3
Suppose 